{"id":540,"date":"2018-11-27T09:16:54","date_gmt":"2018-11-27T08:16:54","guid":{"rendered":"https:\/\/griferiabeleau.com\/index.php\/home\/"},"modified":"2025-11-19T15:46:22","modified_gmt":"2025-11-19T14:46:22","slug":"inicio","status":"publish","type":"page","link":"https:\/\/griferiabeleau.com\/","title":{"rendered":"Inicio"},"content":{"rendered":"\t\t<div data-elementor-type=\"wp-page\" data-elementor-id=\"540\" class=\"elementor elementor-540\">\n\t\t\t\t\t\t<section class=\"elementor-section elementor-top-section elementor-element elementor-element-c50838b elementor-section-height-full elementor-section-items-top elementor-section-boxed elementor-section-height-default\" data-id=\"c50838b\" data-element_type=\"section\" data-settings=\"{&quot;background_background&quot;:&quot;slideshow&quot;,&quot;background_slideshow_gallery&quot;:[{&quot;id&quot;:2244,&quot;url&quot;:&quot;https:\\\/\\\/griferiabeleau.com\\\/wp-content\\\/uploads\\\/2025\\\/11\\\/Mesa-de-trabajo-3-1.jpg&quot;},{&quot;id&quot;:2245,&quot;url&quot;:&quot;https:\\\/\\\/griferiabeleau.com\\\/wp-content\\\/uploads\\\/2025\\\/11\\\/Mesa-de-trabajo-4-1.jpg&quot;},{&quot;id&quot;:2246,&quot;url&quot;:&quot;https:\\\/\\\/griferiabeleau.com\\\/wp-content\\\/uploads\\\/2025\\\/11\\\/Mesa-de-trabajo-1-2.jpg&quot;},{&quot;id&quot;:2247,&quot;url&quot;:&quot;https:\\\/\\\/griferiabeleau.com\\\/wp-content\\\/uploads\\\/2025\\\/11\\\/Mesa-de-trabajo-2-2.jpg&quot;}],&quot;background_slideshow_loop&quot;:&quot;yes&quot;,&quot;background_slideshow_slide_duration&quot;:5000,&quot;background_slideshow_slide_transition&quot;:&quot;fade&quot;,&quot;background_slideshow_transition_duration&quot;:500}\">\n\t\t\t\t\t\t\t<div class=\"elementor-background-overlay\"><\/div>\n\t\t\t\t\t\t\t<div class=\"elementor-container elementor-column-gap-default\">\n\t\t\t\t\t<div class=\"elementor-column elementor-col-100 elementor-top-column elementor-element elementor-element-045cd19\" data-id=\"045cd19\" data-element_type=\"column\">\n\t\t\t<div class=\"elementor-widget-wrap\">\n\t\t\t\t\t\t\t<\/div>\n\t\t<\/div>\n\t\t\t\t\t<\/div>\n\t\t<\/section>\n\t\t<div class=\"elementor-element elementor-element-5e935d5 e-flex e-con-boxed e-con e-parent\" data-id=\"5e935d5\" data-element_type=\"container\">\n\t\t\t\t\t<div class=\"e-con-inner\">\n\t\t\t\t<div class=\"elementor-element elementor-element-20db536 elementor-widget elementor-widget-video\" data-id=\"20db536\" data-element_type=\"widget\" data-settings=\"{&quot;youtube_url&quot;:&quot;https:\\\/\\\/youtu.be\\\/rPoIJxY5Crk?si=0CYlbi5LVL16pps1&quot;,&quot;video_type&quot;:&quot;youtube&quot;,&quot;controls&quot;:&quot;yes&quot;}\" data-widget_type=\"video.default\">\n\t\t\t\t<div class=\"elementor-widget-container\">\n\t\t\t\t\t\t\t<div class=\"elementor-wrapper elementor-open-inline\">\n\t\t\t<div class=\"elementor-video\"><\/div>\t\t<\/div>\n\t\t\t\t\t\t<\/div>\n\t\t\t\t<\/div>\n\t\t\t\t\t<\/div>\n\t\t\t\t<\/div>\n\t\t<div class=\"elementor-element elementor-element-c8ff84b e-flex e-con-boxed e-con e-parent\" data-id=\"c8ff84b\" data-element_type=\"container\">\n\t\t\t\t\t<div class=\"e-con-inner\">\n\t\t<div class=\"elementor-element elementor-element-44d4387 e-con-full e-flex e-con e-child\" data-id=\"44d4387\" data-element_type=\"container\">\n\t\t\t\t<div class=\"elementor-element elementor-element-e287ff9 elementor-widget elementor-widget-heading\" data-id=\"e287ff9\" data-element_type=\"widget\" data-widget_type=\"heading.default\">\n\t\t\t\t<div class=\"elementor-widget-container\">\n\t\t\t\t\t<h1 class=\"elementor-heading-title elementor-size-large\">Grifer\u00eda BEL'EAU <\/h1>\t\t\t\t<\/div>\n\t\t\t\t<\/div>\n\t\t\t\t<div class=\"elementor-element elementor-element-5cf0a79 elementor-widget elementor-widget-text-editor\" data-id=\"5cf0a79\" data-element_type=\"widget\" data-widget_type=\"text-editor.default\">\n\t\t\t\t<div class=\"elementor-widget-container\">\n\t\t\t\t\t\t\t\t\t<p style=\"text-align: center;\"><span style=\"font-size: 11.0pt; line-height: 107%; font-family: 'Calibri',sans-serif; mso-ascii-theme-font: minor-latin; mso-fareast-font-family: Calibri; mso-fareast-theme-font: minor-latin; mso-hansi-theme-font: minor-latin; mso-bidi-font-family: 'Times New Roman'; mso-bidi-theme-font: minor-bidi; mso-ansi-language: ES-EC; mso-fareast-language: EN-US; mso-bidi-language: AR-SA;\">BEL\u2019EAU <strong>es una empresa de origen FRANC\u00c9S<\/strong>, dedicada a la fabricaci\u00f3n de grifer\u00eda con los m\u00e1s <strong>altos est\u00e1ndares de calidad<\/strong>. Para la elaboraci\u00f3n de nuestros productos<strong> contamos con las mejores aleaciones<\/strong> que garantizan durabilidad y est\u00e9tica con el pasar de los a\u00f1os.<\/span><\/p>\t\t\t\t\t\t\t\t<\/div>\n\t\t\t\t<\/div>\n\t\t\t\t<\/div>\n\t\t<div class=\"elementor-element elementor-element-b4ed727 e-con-full e-flex e-con e-child\" data-id=\"b4ed727\" data-element_type=\"container\">\n\t\t\t\t<div class=\"elementor-element elementor-element-d4ab5a0 elementor-widget elementor-widget-image\" data-id=\"d4ab5a0\" data-element_type=\"widget\" data-widget_type=\"image.default\">\n\t\t\t\t<div class=\"elementor-widget-container\">\n\t\t\t\t\t\t\t\t\t\t\t\t\t\t\t<img fetchpriority=\"high\" decoding=\"async\" width=\"1024\" height=\"819\" src=\"https:\/\/griferiabeleau.com\/wp-content\/uploads\/2024\/06\/imagen-empresa-Beleau_Mesa-de-trabajo-1-1024x819.jpg\" class=\"attachment-large size-large wp-image-1494\" alt=\"\" srcset=\"https:\/\/griferiabeleau.com\/wp-content\/uploads\/2024\/06\/imagen-empresa-Beleau_Mesa-de-trabajo-1-1024x819.jpg 1024w, https:\/\/griferiabeleau.com\/wp-content\/uploads\/2024\/06\/imagen-empresa-Beleau_Mesa-de-trabajo-1-scaled-512x410.jpg 512w, https:\/\/griferiabeleau.com\/wp-content\/uploads\/2024\/06\/imagen-empresa-Beleau_Mesa-de-trabajo-1-300x240.jpg 300w, https:\/\/griferiabeleau.com\/wp-content\/uploads\/2024\/06\/imagen-empresa-Beleau_Mesa-de-trabajo-1-768x615.jpg 768w, https:\/\/griferiabeleau.com\/wp-content\/uploads\/2024\/06\/imagen-empresa-Beleau_Mesa-de-trabajo-1-1536x1229.jpg 1536w, https:\/\/griferiabeleau.com\/wp-content\/uploads\/2024\/06\/imagen-empresa-Beleau_Mesa-de-trabajo-1-2048x1639.jpg 2048w, https:\/\/griferiabeleau.com\/wp-content\/uploads\/2024\/06\/imagen-empresa-Beleau_Mesa-de-trabajo-1-1320x1056.jpg 1320w\" sizes=\"(max-width: 1024px) 100vw, 1024px\" \/>\t\t\t\t\t\t\t\t\t\t\t\t\t\t\t<\/div>\n\t\t\t\t<\/div>\n\t\t\t\t<\/div>\n\t\t\t\t\t<\/div>\n\t\t\t\t<\/div>\n\t\t\t\t<section class=\"elementor-section elementor-top-section elementor-element elementor-element-01ffef0 elementor-section-height-min-height elementor-section-full_width elementor-section-items-top elementor-section-height-default\" data-id=\"01ffef0\" data-element_type=\"section\">\n\t\t\t\t\t\t<div class=\"elementor-container elementor-column-gap-default\">\n\t\t\t\t\t<div class=\"elementor-column elementor-col-100 elementor-top-column elementor-element elementor-element-0aa0836\" data-id=\"0aa0836\" data-element_type=\"column\">\n\t\t\t<div class=\"elementor-widget-wrap elementor-element-populated\">\n\t\t\t\t\t\t<section class=\"elementor-section elementor-inner-section elementor-element elementor-element-5415cda elementor-section-boxed elementor-section-height-default elementor-section-height-default\" data-id=\"5415cda\" data-element_type=\"section\">\n\t\t\t\t\t\t<div class=\"elementor-container elementor-column-gap-default\">\n\t\t\t\t\t<div class=\"elementor-column elementor-col-50 elementor-inner-column elementor-element elementor-element-2c614c4\" data-id=\"2c614c4\" data-element_type=\"column\">\n\t\t\t<div class=\"elementor-widget-wrap elementor-element-populated\">\n\t\t\t\t\t\t<div class=\"elementor-element elementor-element-a15c162 elementor-widget elementor-widget-image\" data-id=\"a15c162\" data-element_type=\"widget\" data-widget_type=\"image.default\">\n\t\t\t\t<div class=\"elementor-widget-container\">\n\t\t\t\t\t\t\t\t\t\t\t\t\t\t\t<img decoding=\"async\" width=\"1024\" height=\"686\" src=\"https:\/\/griferiabeleau.com\/wp-content\/uploads\/2023\/10\/new-modern-steel-faucet-and-kitchen-room-sink-close-up-1024x686.jpg\" class=\"attachment-large size-large wp-image-588\" alt=\"\" srcset=\"https:\/\/griferiabeleau.com\/wp-content\/uploads\/2023\/10\/new-modern-steel-faucet-and-kitchen-room-sink-close-up-1024x686.jpg 1024w, https:\/\/griferiabeleau.com\/wp-content\/uploads\/2023\/10\/new-modern-steel-faucet-and-kitchen-room-sink-close-up-scaled-512x343.jpg 512w, https:\/\/griferiabeleau.com\/wp-content\/uploads\/2023\/10\/new-modern-steel-faucet-and-kitchen-room-sink-close-up-300x201.jpg 300w, https:\/\/griferiabeleau.com\/wp-content\/uploads\/2023\/10\/new-modern-steel-faucet-and-kitchen-room-sink-close-up-768x515.jpg 768w, https:\/\/griferiabeleau.com\/wp-content\/uploads\/2023\/10\/new-modern-steel-faucet-and-kitchen-room-sink-close-up-1536x1029.jpg 1536w, https:\/\/griferiabeleau.com\/wp-content\/uploads\/2023\/10\/new-modern-steel-faucet-and-kitchen-room-sink-close-up-2048x1372.jpg 2048w\" sizes=\"(max-width: 1024px) 100vw, 1024px\" \/>\t\t\t\t\t\t\t\t\t\t\t\t\t\t\t<\/div>\n\t\t\t\t<\/div>\n\t\t\t\t<div class=\"elementor-element elementor-element-ba141ea elementor-widget elementor-widget-image-box\" data-id=\"ba141ea\" data-element_type=\"widget\" data-widget_type=\"image-box.default\">\n\t\t\t\t<div class=\"elementor-widget-container\">\n\t\t\t\t\t<div class=\"elementor-image-box-wrapper\"><div class=\"elementor-image-box-content\"><h5 class=\"elementor-image-box-title\">TENDENCIAS<\/h5><p class=\"elementor-image-box-description\"><p>En BEL'EAU, no solo seguimos las tendencias, las creamos.\nNuestra colecci\u00f3n de grifer\u00eda refleja una fusi\u00f3n perfecta entre funcionalidad y dise\u00f1o vanguardista. Descubre c\u00f3mo cada pieza redefine el estilo y la elegancia en el mundo de la grifer\u00eda moderna.<span style=\"font-style: inherit;font-weight: inherit;background-color: var(--ast-global-color-4);color: var(--ast-global-color-3)\"><\/span>\n<\/p><\/p><\/div><\/div>\t\t\t\t<\/div>\n\t\t\t\t<\/div>\n\t\t\t\t<div class=\"elementor-element elementor-element-4cc62c7 elementor-align-center elementor-widget elementor-widget-button\" data-id=\"4cc62c7\" data-element_type=\"widget\" data-widget_type=\"button.default\">\n\t\t\t\t<div class=\"elementor-widget-container\">\n\t\t\t\t\t\t\t\t\t<div class=\"elementor-button-wrapper\">\n\t\t\t\t\t<a class=\"elementor-button elementor-button-link elementor-size-sm\" href=\"https:\/\/griferiabeleau.com\/index.php\/2023\/10\/02\/descubre-las-nuevas-tendenciasen-decoracion-de-banos\/\">\n\t\t\t\t\t\t<span class=\"elementor-button-content-wrapper\">\n\t\t\t\t\t\t<span class=\"elementor-button-icon\">\n\t\t\t\t<i aria-hidden=\"true\" class=\"fas fa-long-arrow-alt-right\"><\/i>\t\t\t<\/span>\n\t\t\t\t\t\t\t\t\t<span class=\"elementor-button-text\">Leer m\u00e1s <\/span>\n\t\t\t\t\t<\/span>\n\t\t\t\t\t<\/a>\n\t\t\t\t<\/div>\n\t\t\t\t\t\t\t\t<\/div>\n\t\t\t\t<\/div>\n\t\t\t\t\t<\/div>\n\t\t<\/div>\n\t\t\t\t<div class=\"elementor-column elementor-col-50 elementor-inner-column elementor-element elementor-element-1aaf044\" data-id=\"1aaf044\" data-element_type=\"column\">\n\t\t\t<div class=\"elementor-widget-wrap elementor-element-populated\">\n\t\t\t\t\t\t<div class=\"elementor-element elementor-element-0cc4d06 elementor-widget elementor-widget-image\" data-id=\"0cc4d06\" data-element_type=\"widget\" data-widget_type=\"image.default\">\n\t\t\t\t<div class=\"elementor-widget-container\">\n\t\t\t\t\t\t\t\t\t\t\t\t\t\t\t<img decoding=\"async\" width=\"300\" height=\"300\" src=\"https:\/\/griferiabeleau.com\/wp-content\/uploads\/2024\/06\/DJI_0005-300x300.jpg\" class=\"attachment-medium size-medium wp-image-1524\" alt=\"\" srcset=\"https:\/\/griferiabeleau.com\/wp-content\/uploads\/2024\/06\/DJI_0005-300x300.jpg 300w, https:\/\/griferiabeleau.com\/wp-content\/uploads\/2024\/06\/DJI_0005-scaled-100x100.jpg 100w, https:\/\/griferiabeleau.com\/wp-content\/uploads\/2024\/06\/DJI_0005-scaled-512x512.jpg 512w, https:\/\/griferiabeleau.com\/wp-content\/uploads\/2024\/06\/DJI_0005-1024x1024.jpg 1024w, https:\/\/griferiabeleau.com\/wp-content\/uploads\/2024\/06\/DJI_0005-150x150.jpg 150w, https:\/\/griferiabeleau.com\/wp-content\/uploads\/2024\/06\/DJI_0005-768x768.jpg 768w, https:\/\/griferiabeleau.com\/wp-content\/uploads\/2024\/06\/DJI_0005-1536x1536.jpg 1536w, https:\/\/griferiabeleau.com\/wp-content\/uploads\/2024\/06\/DJI_0005-2048x2048.jpg 2048w, https:\/\/griferiabeleau.com\/wp-content\/uploads\/2024\/06\/DJI_0005-1320x1320.jpg 1320w\" sizes=\"(max-width: 300px) 100vw, 300px\" \/>\t\t\t\t\t\t\t\t\t\t\t\t\t\t\t<\/div>\n\t\t\t\t<\/div>\n\t\t\t\t<div class=\"elementor-element elementor-element-7c7a6b0 elementor-widget elementor-widget-image-box\" data-id=\"7c7a6b0\" data-element_type=\"widget\" data-widget_type=\"image-box.default\">\n\t\t\t\t<div class=\"elementor-widget-container\">\n\t\t\t\t\t<div class=\"elementor-image-box-wrapper\"><div class=\"elementor-image-box-content\"><h5 class=\"elementor-image-box-title\">TESTIMONIOS<\/h5><p class=\"elementor-image-box-description\"><p>Descubre lo que nuestros clientes tienen que decir sobre la experiencia BEL'EAU. Sus testimonios son la prueba de la calidad excepcional y el dise\u00f1o innovador que ofrecemos en cada grifo, accesorio de ba\u00f1o, cocina y ducha. \u00danete a nuestra comunidad de clientes satisfechos y experimenta la excelencia en grifer\u00eda con BEL'EAU.<span style=\"font-style: inherit;font-weight: inherit;background-color: var(--ast-global-color-4);color: var(--ast-global-color-3)\"><\/span><\/p><\/p><\/div><\/div>\t\t\t\t<\/div>\n\t\t\t\t<\/div>\n\t\t\t\t<div class=\"elementor-element elementor-element-874b8fb elementor-align-center elementor-widget elementor-widget-button\" data-id=\"874b8fb\" data-element_type=\"widget\" data-widget_type=\"button.default\">\n\t\t\t\t<div class=\"elementor-widget-container\">\n\t\t\t\t\t\t\t\t\t<div class=\"elementor-button-wrapper\">\n\t\t\t\t\t<a class=\"elementor-button elementor-button-link elementor-size-sm\" href=\"https:\/\/griferiabeleau.com\/index.php\/resenas\/\">\n\t\t\t\t\t\t<span class=\"elementor-button-content-wrapper\">\n\t\t\t\t\t\t<span class=\"elementor-button-icon\">\n\t\t\t\t<i aria-hidden=\"true\" class=\"fas fa-long-arrow-alt-right\"><\/i>\t\t\t<\/span>\n\t\t\t\t\t\t\t\t\t<span class=\"elementor-button-text\">Leer m\u00e1s<\/span>\n\t\t\t\t\t<\/span>\n\t\t\t\t\t<\/a>\n\t\t\t\t<\/div>\n\t\t\t\t\t\t\t\t<\/div>\n\t\t\t\t<\/div>\n\t\t\t\t\t<\/div>\n\t\t<\/div>\n\t\t\t\t\t<\/div>\n\t\t<\/section>\n\t\t\t\t\t<\/div>\n\t\t<\/div>\n\t\t\t\t\t<\/div>\n\t\t<\/section>\n\t\t\t\t<section class=\"elementor-section elementor-top-section elementor-element elementor-element-51af88c elementor-section-full_width elementor-section-height-full elementor-section-items-stretch elementor-section-content-middle elementor-section-height-default\" data-id=\"51af88c\" data-element_type=\"section\" data-settings=\"{&quot;background_background&quot;:&quot;classic&quot;}\">\n\t\t\t\t\t\t\t<div class=\"elementor-background-overlay\"><\/div>\n\t\t\t\t\t\t\t<div class=\"elementor-container elementor-column-gap-default\">\n\t\t\t\t\t<div class=\"elementor-column elementor-col-100 elementor-top-column elementor-element elementor-element-a9a69dd\" data-id=\"a9a69dd\" data-element_type=\"column\">\n\t\t\t<div class=\"elementor-widget-wrap elementor-element-populated\">\n\t\t\t\t\t\t<div class=\"elementor-element elementor-element-903dcf2 elementor-widget-mobile__width-initial elementor-widget__width-initial elementor-widget elementor-widget-heading\" data-id=\"903dcf2\" data-element_type=\"widget\" data-widget_type=\"heading.default\">\n\t\t\t\t<div class=\"elementor-widget-container\">\n\t\t\t\t\t<h2 class=\"elementor-heading-title elementor-size-default\">Descubre la excelencia en cada detalle<\/h2>\t\t\t\t<\/div>\n\t\t\t\t<\/div>\n\t\t\t\t<div class=\"elementor-element elementor-element-c07d6ad elementor-widget-mobile__width-initial elementor-widget elementor-widget-text-editor\" data-id=\"c07d6ad\" data-element_type=\"widget\" data-widget_type=\"text-editor.default\">\n\t\t\t\t<div class=\"elementor-widget-container\">\n\t\t\t\t\t\t\t\t\t<p>Explora nuestros productos y transforma tu espacio<\/p><p>con estilo y funcionalidad incomparables.<\/p>\t\t\t\t\t\t\t\t<\/div>\n\t\t\t\t<\/div>\n\t\t\t\t<div class=\"elementor-element elementor-element-3ab74e6 elementor-align-left elementor-mobile-align-left elementor-widget__width-initial elementor-widget-mobile__width-initial elementor-widget elementor-widget-button\" data-id=\"3ab74e6\" data-element_type=\"widget\" data-widget_type=\"button.default\">\n\t\t\t\t<div class=\"elementor-widget-container\">\n\t\t\t\t\t\t\t\t\t<div class=\"elementor-button-wrapper\">\n\t\t\t\t\t<a class=\"elementor-button elementor-button-link elementor-size-sm\" href=\"https:\/\/drive.google.com\/file\/d\/1t4n1hoAzdPvNAGCZSYy20U6rohsUgST6\/view?usp=sharing\" target=\"_blank\">\n\t\t\t\t\t\t<span class=\"elementor-button-content-wrapper\">\n\t\t\t\t\t\t<span class=\"elementor-button-icon\">\n\t\t\t\t\t\t\t<\/span>\n\t\t\t\t\t\t\t\t\t<span class=\"elementor-button-text\">descarga nuestro cat\u00e1logo<\/span>\n\t\t\t\t\t<\/span>\n\t\t\t\t\t<\/a>\n\t\t\t\t<\/div>\n\t\t\t\t\t\t\t\t<\/div>\n\t\t\t\t<\/div>\n\t\t\t\t\t<\/div>\n\t\t<\/div>\n\t\t\t\t\t<\/div>\n\t\t<\/section>\n\t\t<div class=\"elementor-element elementor-element-59ae501 e-flex e-con-boxed e-con e-parent\" data-id=\"59ae501\" data-element_type=\"container\">\n\t\t\t\t\t<div class=\"e-con-inner\">\n\t\t\t\t\t<\/div>\n\t\t\t\t<\/div>\n\t\t\t\t<\/div>\n\t\t","protected":false},"excerpt":{"rendered":"<p>Grifer\u00eda BEL&#8217;EAU BEL\u2019EAU es una empresa de origen FRANC\u00c9S, dedicada a la fabricaci\u00f3n de grifer\u00eda con los m\u00e1s altos est\u00e1ndares de calidad. Para la elaboraci\u00f3n de nuestros productos contamos con las mejores aleaciones que garantizan durabilidad y est\u00e9tica con el pasar de los a\u00f1os. TENDENCIAS En BEL&#8217;EAU, no solo seguimos las tendencias, las creamos. Nuestra &hellip;<\/p>\n<p class=\"read-more\"> <a class=\"\" href=\"https:\/\/griferiabeleau.com\/\"> <span class=\"screen-reader-text\">Inicio<\/span> Leer m\u00e1s &raquo;<\/a><\/p>\n","protected":false},"author":1,"featured_media":0,"parent":0,"menu_order":0,"comment_status":"closed","ping_status":"closed","template":"","meta":{"om_disable_all_campaigns":false,"_uag_custom_page_level_css":"","_monsterinsights_skip_tracking":false,"_monsterinsights_sitenote_active":false,"_monsterinsights_sitenote_note":"","_monsterinsights_sitenote_category":0,"site-sidebar-layout":"no-sidebar","site-content-layout":"page-builder","ast-site-content-layout":"full-width-container","site-content-style":"unboxed","site-sidebar-style":"unboxed","ast-global-header-display":"","ast-banner-title-visibility":"","ast-main-header-display":"","ast-hfb-above-header-display":"","ast-hfb-below-header-display":"","ast-hfb-mobile-header-display":"","site-post-title":"disabled","ast-breadcrumbs-content":"","ast-featured-img":"disabled","footer-sml-layout":"","theme-transparent-header-meta":"disabled","adv-header-id-meta":"","stick-header-meta":"","header-above-stick-meta":"","header-main-stick-meta":"","header-below-stick-meta":"","astra-migrate-meta-layouts":"set","_joinchat":[],"footnotes":""},"class_list":["post-540","page","type-page","status-publish","hentry"],"aioseo_notices":[],"uagb_featured_image_src":{"full":false,"thumbnail":false,"medium":false,"medium_large":false,"large":false,"1536x1536":false,"2048x2048":false,"mailpoet_newsletter_max":false,"woocommerce_thumbnail":false,"woocommerce_single":false,"woocommerce_gallery_thumbnail":false},"uagb_author_info":{"display_name":"construcciones.relco","author_link":"https:\/\/griferiabeleau.com\/index.php\/author\/construcciones-relco\/"},"uagb_comment_info":0,"uagb_excerpt":"Grifer\u00eda BEL&#8217;EAU BEL\u2019EAU es una empresa de origen FRANC\u00c9S, dedicada a la fabricaci\u00f3n de grifer\u00eda con los m\u00e1s altos est\u00e1ndares de calidad. Para la elaboraci\u00f3n de nuestros productos contamos con las mejores aleaciones que garantizan durabilidad y est\u00e9tica con el pasar de los a\u00f1os. TENDENCIAS En BEL&#8217;EAU, no solo seguimos las tendencias, las creamos. Nuestra&hellip;","jetpack_sharing_enabled":true,"_links":{"self":[{"href":"https:\/\/griferiabeleau.com\/index.php\/wp-json\/wp\/v2\/pages\/540","targetHints":{"allow":["GET"]}}],"collection":[{"href":"https:\/\/griferiabeleau.com\/index.php\/wp-json\/wp\/v2\/pages"}],"about":[{"href":"https:\/\/griferiabeleau.com\/index.php\/wp-json\/wp\/v2\/types\/page"}],"author":[{"embeddable":true,"href":"https:\/\/griferiabeleau.com\/index.php\/wp-json\/wp\/v2\/users\/1"}],"replies":[{"embeddable":true,"href":"https:\/\/griferiabeleau.com\/index.php\/wp-json\/wp\/v2\/comments?post=540"}],"version-history":[{"count":283,"href":"https:\/\/griferiabeleau.com\/index.php\/wp-json\/wp\/v2\/pages\/540\/revisions"}],"predecessor-version":[{"id":2250,"href":"https:\/\/griferiabeleau.com\/index.php\/wp-json\/wp\/v2\/pages\/540\/revisions\/2250"}],"wp:attachment":[{"href":"https:\/\/griferiabeleau.com\/index.php\/wp-json\/wp\/v2\/media?parent=540"}],"curies":[{"name":"wp","href":"https:\/\/api.w.org\/{rel}","templated":true}]}}